nits digit of o?
0
Let o be 141/(-235) - (-1196)/10. Suppose -y + o = 5*u, 2*y = -5*u + 5*y + 103. What is the tens digit of u?
2
Let z = -15252 + 21488. What is the units digit of z?
6
What is the units digit of 213595/7 - 27/((-3969)/(-84))?
3
What is the ten thousands digit of 11/((-812999)/(-45166) + -18)?
4
Let u = -50 + 55. Suppose c + 3*c - 84 = -4*l, 0 = u*l - 3*c - 73. Suppose -l*p + 670 = -12*p. What is the hundreds digit of p?
1
Let z = 7633 - -6063. What is the ten thousands digit of z?
1
Let r(n) = -8*n - 16. Let h be r(-5). Let l(t) = 23*t - 38. What is the units digit of l(h)?
4
Let i = 142168 + -59423. What is the thousands digit of i?
2
Let r(y) = 3*y + 77. Let f be r(-24). Suppose f*s - 6*s - 4 = 0, -2*s = 4*z + 428. What is the tens digit of (3630/z)/(2/(-14))?
4
Let d = 43476 + 11201. What is the units digit of d?
7
Let g(b) = 12*b**2 - 9*b - 32. Suppose 2 = -2*w - 4. What is the hundreds digit of g(w)?
1
Let x(o) be the third derivative of -o**6/120 + o**5/6 + 5*o**4/24 + 31*o**3/3 - 17*o**2 + 7. What is the hundreds digit of x(-8)?
1
Let q(i) = -i**2 + 7*i - 6. Let z be q(5). What is the tens digit of (-24)/28*(-1498)/z?
2
Let n(c) = 7*c**3 + 2*c - 1. Let j be n(-2). Let u = 62 + j. Let k(y) = 33*y**3 + 2*y**2 - 3*y + 2. What is the tens digit of k(u)?
3
Suppose 17 = 2*c + 7, 3*h - 2*c - 2 = 0. Let g = 5 - 11. What is the tens digit of 318/h*((-32)/g)/8?
5
Let h(n) = -360*n - 28. Suppose 0 = -15*j - 85 + 10. What is the thousands digit of h(j)?
1
Let m(u) = -2*u**2 + 11*u + 7. Let y(f) = -2*f**2 - f + 1. Let p(c) = m(c) - 3*y(c). What is the tens digit of p(7)?
9
Let x(b) = 57 + 7*b + 0*b + 5*b**3 - 66 - 4*b**2. Let l be x(2). Suppose -239 = -7*u - l. What is the tens digit of u?
3
Let a(c) = 16*c**2 + 50*c + 36. What is the hundreds digit of a(18)?
1
Let g be (-32)/(-24)*(-81)/(-6). What is the units digit of 306 + 13/(39/g) + -4?
8
Suppose -570*j + 268356 = -548*j. What is the thousands digit of j?
2
Let t(j) = -16*j**2 + 11*j + 6. Let s be t(-4). Let m = -64 - s. What is the hundreds digit of m?
2
Let r(t) = -t**2 - 7*t - 12. Let b be r(-4). Suppose 0 = -j + 2*w - 301, 0*j + j - 3*w + 306 = b. Let i = j + 443. What is the hundreds digit of i?
1
Let r = 10925 - 4205. What is the units digit of r?
0
Suppose 5 = -5*k, 4*k - 50485 - 139831 = -5*d. What is the hundreds digit of d?
0
Let s be (1 + (-131)/3)*42/(-4). Let d = s - 292. What is the units digit of d?
6
Suppose 5*f - 74 + 54 = 0. Let s be (f - 187) + (5 - 1). Let w = -116 - s. What is the units digit of w?
3
Let y(q) = 11*q**2 - 84*q - 7355. What is the units digit of y(-60)?
5
Let z(p) be the third derivative of -p**6/720 + 7*p**5/60 - p**4/8 + 9*p**2. Let n(g) be the second derivative of z(g). What is the units digit of n(6)?
8
Suppose 0 = 2*m + m + 5*n + 104, -n + 2 = 0. Let o(d) = -d + 8. What is the tens digit of o(m)?
4
Suppose -3*d - 6*f + 8*f = -22511, 2*d + f - 14998 = 0. What is the units digit of d?
1
Let u be (-48)/(-60)*(-15)/2. Let z be 12/(-8)*1*(-8)/u. What is the hundreds digit of z/(-3)*(42/7 + 150)?
1
Suppose -27*g = -602 - 3232. Let r = g - 127. What is the tens digit of r?
1
Suppose 0 = 260*y + 714891 - 5313771. What is the ten thousands digit of y?
1
Let g(j) = j - 1. Let y(r) = 12*r**2 + 1. Let o(q) = -3*g(q) + y(q). Suppose 5*m - m = -12. What is the tens digit of o(m)?
2
Suppose 480 = 5*p + 2*w, 0 = 3*p - 8*p - 4*w + 480. Let q = 5143 - 4962. Let k = q - p. What is the units digit of k?
5
Let j = -97694 + 173453. What is the tens digit of j?
5
Suppose -27*j + 67290 + 1169755 = -598577. What is the thousands digit of j?
7
Let s(v) = -3*v - 11*v - v + 4*v + 31 + v**2. Let k be s(13). Suppose 4*l = 391 + k. What is the hundreds digit of l?
1
Let o be (6 - (1 + 1))*1 - -5. Suppose -2190 = -o*h - h. What is the units digit of h?
9
Let k be 1 + 0 - (-9 + 10). Let t(r) = -r - 9. Let s be t(-12). Suppose -s*v + f + 255 = k, v + 5*f + 267 = 4*v. What is the tens digit of v?
8
Let h be 4/8*-1354 - (1 - 2). Let l = 998 + h. Suppose 5*s - 33 = l. What is the tens digit of s?
7
Suppose 3*r - 11454 = 8*j - 13*j, -3*j = 0. What is the thousands digit of r?
3
Let y(n) = -8*n**2 - 1. Let p(g) = -3*g**2 - 15*g - 144. Let m(f) = p(f) - 2*y(f). What is the units digit of m(-6)?
6
Let b = 38084 + 6528. What is the units digit of b?
2
Let i = 164 - 161. Suppose -4*k + 2*j + 390 = -3*k, i*k = -j + 1198. What is the tens digit of k?
9
Let s(v) = v**3 + 86*v**2 - 21*v - 332. What is the units digit of s(-28)?
8
Suppose 154*f + 657 = 3*r + 155*f, 0 = 4*r - f - 883. Let w = r - -430. What is the tens digit of w?
5
Let t(j) = -6*j**3 - j**2 - 8*j + 7. Let u(p) = -12*p**3 - p**2 - 15*p + 15. Let f(c) = 7*t(c) - 4*u(c). What is the hundreds digit of f(3)?
1
Let w(d) = -3*d + 14. Let r be w(4). Let h(c) = c**3 + 27 + r*c**2 - c**2 - 23 - 4*c. What is the units digit of h(5)?
4
Let u(w) = -2*w + 5. Let o be u(4). Let j be o + 39 + -1 - -1. Let x = -15 + j. What is the tens digit of x?
2
What is the tens digit of (226 - 8) + (-4)/(-30) + 430/150?
2
Suppose 0 = -305*f + 310*f, v - 4*f - 30977 = 0. What is the tens digit of v?
7
Suppose -7*a + 10476 - 3630 = 0. Let h = 2216 - a. What is the hundreds digit of h?
2
Let f = 49 + -47. Suppose -f*m + 3*d - 15 = 3*m, 0 = -5*m - d - 15. What is the tens digit of 53 + (2 - (m + 6)) + -3?
4
Let u = 366 - 362. Suppose -2*d = -o + 623, u*o + 3*d = -0*d + 2437. What is the tens digit of o?
1
Let b be 0/1 - (-1452)/22. Suppose 54*s + 11868 = b*s. What is the hundreds digit of s?
9
Suppose -2*q = -77*g + 79*g - 17198, 2*q - 8602 = -g. What is the thousands digit of g?
8
Let u(v) = 7*v**2 - 305*v - 114. What is the hundreds digit of u(71)?
5
Let m(o) = -119*o**3 - 2*o**2 - 3*o - 2. Let w(f) = 2*f**2 + 12*f - 9. Let k be w(-7). Suppose k*y = 5, -3*s + 0 - 1 = 2*y. What is the tens digit of m(s)?
1
Let k(s) = 179*s**2 - 23*s + 17. What is the units digit of k(3)?
9
Let l(f) = 35*f**2 - 215*f + 1907. What is the hundreds digit of l(9)?
8
Let h = 34 - 25. Let p be (h/18)/((-2)/(-3216)). Suppose 0 = 12*f - 8*f - p. What is the tens digit of f?
0
Let a(p) = 14*p**2 - 4*p - 2. Let b be a(2). Suppose -3*s - 110 = -38. What is the units digit of (b/5)/(s/(-60))?
3
Let y(c) = 2756*c**2 - 10*c + 3. What is the thousands digit of y(2)?
1
Let m be 144/2*(-15)/9. Let d = 173 + m. Let i = d - 18. What is the units digit of i?
5
Let a(f) be the second derivative of -f**5/20 - f**3/2 - 3*f**2/2 - 69*f. What is the units digit of a(-4)?
3
Let b = 29471 - 5821. What is the units digit of b?
0
Suppose -m + 17 = 5*p, -3*p + 5 + 6 = m. Suppose -7*n = p*n - 1910. What is the hundreds digit of n?
1
Suppose -31*c + 2900 = 19*c. Let o = 269 + -156. Let a = o - c. What is the units digit of a?
5
What is the hundreds digit of (1 + 46 + -2)*569283/2145?
9
Suppose 0 = -5*j + 2*g + 25, 5*j - 25 = -2*g - 2*g. Suppose 0 = j*y + 2*s - 706, 942 = 5*y + s + 239. Let i = y + -13. What is the units digit of i?
7
Let n be (-13147)/(-7) - (-53)/(-371). Suppose -n = -2*c - 4*a, -4*c + 132 = -a - 3669. What is the units digit of c?
9
Suppose 2*r + 442 = 4*h, 2*h - 7*r = -8*r + 227. Let p = 216 - h. What is the tens digit of p?
0
Suppose -4*m = -c - 12, -3*c + 3 = -4*m + 7. Suppose m*i - 15 = 3*f, -f + 5 = -2*f. Suppose i = -12*g + 10*g + 52. What is the tens digit of g?
2
Let u be 31 - 3*-1*(-2)/3. Suppose -7*r + 2*r + 3*o + u = 0, -3*r = 2*o - 25. What is the hundreds digit of 145 - (-4 + r + -1 + -2)?
1
Let i be (-69)/92 + (-90)/8 - 0. Let p = 2 - i. What is the tens digit of p?
1
Let g(o) = -o**2 - 12*o - 28. Let w be g(-7). What is the tens digit of (-82)/6*(3 + -19 + w)?
2
Suppose 383*y - 9*y = -80*y + 6442260. What is the ten thousands digit of y?
1
Let p(d) = 1219*d - 10935. What is the ten thousands digit of p(28)?
2
Suppose -15*z - 33541 = -52*z + 22403. What is the units digit of z?
2
Let m = -18234 + 29239. What is the ten thousands digit of m?
1
Let j(p) = -2*p**2 - 2*p - 49. Let c be j(-15). Let u = 1210 + c. What is the tens digit of u?
4
Let s = -92084 + 154637. What is the tens digit of s?
5
Let l(s) be the second derivative of s**5/60 + s**4/2 - 35*s**3/6 - 11*s**2 + 32*s. Let b(q) be the first derivative of l(q). What is the tens digit of b(9)?
5
Let k(n) =